 - 1357. Let q = 413 + x. Is q a composite number?
True
Let g be (-1)/((2/4)/(584/16)). Let o = 342 + g. Is o a prime number?
True
Suppose -4*a = -4*k + 644656, 2*k - 4*a - 480716 = -158378. Is k a prime number?
True
Let v(q) = -q - 3*q**2 + 431*q**3 + 371*q**3 + q - 999*q**3 + 3. Suppose 2*j + 4*t + 7 + 13 = 0, -26 = 5*j + 4*t. Is v(j) prime?
True
Suppose 0 = 80*x + 56*x + 57*x - 34672643. Is x a composite number?
False
Let t = -98 + 100. Suppose 0 = -t*y + 2*u - u + 874, -2*y = 2*u - 886. Is y a prime number?
True
Let m be 0/((8/8)/(-1)). Is (30 - 16148)*(3/(-6) - m) prime?
True
Suppose -v = 583 + 484. Let i = -483 + v. Let h = 3447 + i. Is h prime?
False
Let n(z) = -8*z - 3. Let f be n(-1). Suppose 2*k = f*k - 12. Suppose -247 = -h + k*x, 2*h - 4*x = -h + 765. Is h composite?
True
Suppose 0 = 43*c - 764 - 870. Is ((-57)/c)/((-6)/10324) composite?
True
Let o = -249412 - -456485. Is o composite?
False
Suppose -2*z - 227 = -3*b, 84 - 3 = b + 2*z. Let a = 74 - b. Is (-6942)/a + (-18)/(-6) prime?
False
Suppose 5962 = -8*c + 41266. Suppose 2375 = 2*j - c. Is j composite?
True
Let h = -232107 - -364606. Is h composite?
False
Let z = -19 - -24. Let h = -107 - -143. Suppose s + z*x = h, 5*s = 5*x - 3*x + 153. Is s a composite number?
False
Let i = -19211 - -33040. Let s = i - 7858. Is s prime?
False
Suppose 5*l - 1247558 = -3*f, -4*l - 2983364 = -8*f + 343544. Is f a prime number?
True
Let k = 484222 + -31365. Is k a prime number?
True
Suppose 5*g + 9 = -q, -2*g + 10 + 0 = -3*q. Let d(b) = 4384*b**2 + 1. Let h be d(g). Is (-2 + h/(-15))*-3 composite?
False
Suppose -5*r = -4*s + 60, -6*s = 5*r - s + 15. Let q be r/(-5)*(-5)/2. Is ((-638)/(3 + q))/2 a prime number?
False
Let u(h) = 18*h**3 - 14*h**2 - 16*h - 85. Is u(17) a composite number?
True
Let u(r) = 14876*r + 1435. Is u(20) prime?
False
Is 3533655/30*(-2 + 4) a prime number?
True
Let k = -167264 + 246043. Is k prime?
True
Suppose 0 = 3*s - p - 115917, 24424 + 14215 = s - 4*p. Is s a prime number?
True
Is ((-3)/(-1) - 8) + 1603420/70 composite?
False
Suppose 0 = -7*p + 5*p + 5*g + 161143, 5*g = -4*p + 322271. Suppose 52*n - 1738651 = p. Is n composite?
True
Let x be (0/3)/(-1 - (2 + -2)). Suppose x = -5*n + 4597 + 2398. Is n composite?
False
Let z(x) = 8*x**3 - 6*x**2 + x - 20. Suppose 13*k - 11*k = -2*h + 24, h = 3*k - 8. Is z(h) a composite number?
False
Suppose 133*c + 2783888 = 155*c + 310714. Is c composite?
True
Is 44332*55/(-30)*(-9)/6 a prime number?
False
Let h(j) be the first derivative of -j**4/4 - 8*j**3/3 - 20*j**2 - 13*j - 4. Is h(-10) a prime number?
True
Suppose -2*o - 35793 = 5*w + 5542, 3*w + o = -24801. Let j = w - -14386. Is j a composite number?
True
Suppose 4*t + 48 = 24. Let q be (-1)/t + 1 + 35/(-30). Suppose 0 = -q*x + 5*x - 1115. Is x composite?
False
Suppose 38*p - 203320 = 30*p. Suppose 3*i + 2*d - 14520 = p, -26602 = -2*i + 4*d. Is i a composite number?
False
Suppose -f - 4*f + 20 = 5*p, -5*p - 3*f = -26. Suppose -p*z = -2*z - 5215. Let k = z - 384. Is k a prime number?
True
Let p = -38 - -39. Let d be 144/60*((-34)/4 + p). Let w(s) = s**2 + s - 13. Is w(d) composite?
False
Let o be (8 - 2)*(0 - -3). Suppose -7*g + o = -3. Suppose 5*u + g*b - 390 = 1612, -3*b = 3. Is u a prime number?
True
Let f(q) = -312*q + 17. Let o(b) = 1 + 7*b**2 - 13*b - 9 - 8*b**2. Let u be o(-13). Is f(u) a composite number?
True
Is ((-60269041)/74)/(-2 - 6/(-4)) a prime number?
False
Let g = -1120133 + 1613656. Is g prime?
True
Suppose 0 = 3*p - 5*x + 1 - 49, -p + 2*x = -17. Suppose -p*v + 18103 + 49492 = 0. Is v a composite number?
True
Let g be ((-13)/(-39))/(1/6). Let c(l) = -6 - 5 + 20*l**g + 14. Is c(3) a composite number?
True
Suppose 0 = -5*p, 4*p + 6 = 3*g + 2*p. Suppose w - 3*i - 724 = 0, g*w + i = -4*i + 1481. Is w prime?
True
Is (23334/12 - 8) + (-5)/(-2) a composite number?
True
Suppose 0 = -94*k + 721941 + 641905. Is k a prime number?
False
Let x(m) = 6*m**2 + 27 - 19 + m**3 - 13 + 2*m. Let g be x(5). Suppose -2*i = -5*o + 300, 5*o - 3*i - g = -5*i. Is o a prime number?
False
Suppose 0*z + 2*z = 0. Suppose 5*l + 18 + 2 = z, 4*l = -3*g - 28. Is 10/g*884/(-65) prime?
False
Is 2142340/5 - (-33 - -18) a composite number?
True
Suppose -74*p - 21*p + 12180799 = -39758266. Is p prime?
False
Suppose -5*t + 290 = -5*q, 0*q = -2*q + 2. Let z = 53 - t. Is 2/3 - 2/z - -118 prime?
False
Let c(v) = -1145*v + 2281. Is c(-38) composite?
True
Suppose -4*q + 400990 = 2*u, 0*q - 3*u = -3*q + 300756. Suppose 0 = 12*n + 5*n - q. Is n a prime number?
True
Let l = -768 - -768. Suppose 9*w = 6*w + 5*d + 9660, l = 4*d + 12. Is w a prime number?
False
Is -791*(-22)/(-462)*3*(-2174)/2 prime?
False
Let c = -29 - -33. Let l(i) = 633*i - 1. Is l(c) a composite number?
False
Is ((20/12)/((-5)/(-3)))/(7/640591) a prime number?
True
Suppose -240398 = -3*a - 34097. Is a composite?
False
Suppose 2*u - 4*n + 831 = 4049, 4837 = 3*u - n. Suppose 1338 = -5*z - 4*x, 5*z - 281 + u = -x. Let r = 1105 - z. Is r a composite number?
True
Suppose 0 = 6*a + 4*a - 20. Suppose 0 = -a*c + 4*c - d - 26, c - 3*d - 8 = 0. Suppose 0 = -c*n + 11*n + 1947. Is n a prime number?
False
Let m(v) = -41 - 4*v + 33 + 2*v + 10*v**2 - v**3 + 7. Is m(-12) a prime number?
True
Suppose 12*f - 603221 - 1607479 = 0. Suppose w - f = -24*w. Is w prime?
True
Let m = -7423 + 55004. Is m a composite number?
False
Suppose -4*l - 5*j + 139366 = 0, 102*l - 97*l + 5*j = 174215. Is l composite?
False
Let a(s) = 2336*s + 1971. Is a(10) composite?
True
Suppose 4*s + 55 = -33. Let v = -17 - s. Suppose 3*c - 2*c + 984 = 3*h, 1660 = 5*h + v*c. Is h composite?
True
Suppose -4*r + 13*t - 9*t = -106144, -5*r = 2*t - 132701. Is r prime?
True
Let j(g) = -419*g + 120. Let l be j(-18). Suppose 26*y - 20*y = l. Is y a prime number?
True
Let k(x) = -2*x**2 - 15 - 3*x + 3*x - 19*x - 3*x. Let d be k(-10). Suppose 4 = 2*i + 3*o - 111, -4*i - d*o = -231. Is i composite?
False
Is (-511947 + 17)*(-2)/4 a composite number?
True
Suppose 22*a - 37*a = -105. Suppose -17892 - 14511 = -a*w. Is w composite?
True
Is 1*125801*(24 - (30 + -7)) composite?
True
Is ((-150)/(-12))/25*97178 a composite number?
False
Let o(f) = f**3 + 5*f**2 + 2*f + 15. Let v be o(-5). Let g(d) = 37*d**2 + 16*d - 10. Let s be g(v). Is 3/(-6)*(-3 - s) prime?
True
Let l(r) = -r**2 + 8*r - 13. Let c be l(3). Suppose 6*j - 2*t = j + 5809, 4*t - 2338 = -c*j. Is j a composite number?
False
Let l(d) = 1020*d**3 - 7*d**2 - 137*d + 913. Is l(7) a composite number?
False
Is ((-328396)/(-228))/(2/786) - 4 a composite number?
False
Let b(z) = -116*z**2 - z - 47. Let g be b(6). Let a = g - -10518. Is a a prime number?
False
Suppose 33*j - 34*j = -10. Is j/25 + 1584/15 composite?
True
Let c = -1146 - -2387. Is -1*(1 + (-3 - c)) prime?
False
Is -6 - (-2791760)/(-16)*-1 a prime number?
False
Let d = 172565 + 7326. Is d a prime number?
False
Suppose -5*w + q + 609219 = 0, 15*w + 4*q = 18*w - 365545. Is w composite?
False
Suppose 20*s - 14*s = 0. Suppose s = y + 4*r - 12221, 3*y - 16*r + 11*r - 36612 = 0. Is y composite?
True
Let t(y) = -19*y**3 - 26*y**2 + 4*y + 3. Is t(-14) composite?
True
Let t = -13021 + 22088. Is t prime?
True
Let d(x) = 69*x + 57917. Is d(0) prime?
True
Let f(d) = d**3 - 36*d**2 + 74*d - 61. Suppose 18*n - 23*n = -190. Is f(n) a prime number?
True
Let x(o) = -7*o**3 - 12*o**2 + 15*o - 49. Let a(n) = 15*n**3 + 25*n**2 - 30*n + 98. Let g(z) = 6*a(z) + 13*x(z). Is g(-27) prime?
False
Let f(y) be the first derivative of 23*y**2/2 + 31*y - 8. Let q be f(6). Let m = 752 + q. Is m a prime number?
False
Let l = 9 - -315. Let t = l + 197. Is t a prime number?
True
Let j be (-128)/(-40) - (-12)/(-10). Is (1 + (-823)/j)/(97/(-194)) a prime number?
True
Let k(h) = -h**3 + 1. Let u be k(1). Let d(n) = -n. Let i(b) = -2*b**2 - 4*b - 346. Let l(t) = 4*d(t) - i(t). Is l(u) composite?
True
Suppose 7*x - 1368 = 1033. Suppose -5*k = x - 59088. Is k composite?
True
Suppose 216 = -35*z + 44*z. Is (z/(-24))/((-3)/(12799 - -2)) a composite number?
True
Let n(c) = 22681*c - 10171. Is n(32) a prime number?
True
Suppose 10*x - 331 + 226 - 4135 = 0. Let v = 2 - -3. Suppose -v*i + 1599 = x. Is i a prime number?
False
Let j = 631 + 1102. Is j a composite number?
False
Is (-19 - (-2308040)/(-32))*-4 prime?
False
Suppose -v + 16 